{"id":140,"date":"2024-07-27T09:01:38","date_gmt":"2024-07-27T07:01:38","guid":{"rendered":"https:\/\/langfelds.de\/?page_id=140"},"modified":"2024-07-31T19:28:16","modified_gmt":"2024-07-31T17:28:16","slug":"ham","status":"publish","type":"page","link":"https:\/\/langfelds.de\/?page_id=140","title":{"rendered":"HAM"},"content":{"rendered":"<p>Hallo zusammen,<\/p>\n<p>ich habe im Juli 2024 die Funkamateur Pr\u00fcfung Klasse E abgelegt. Mein Fokus liegt aber nicht nur auf das Kommunizieren, sondern auch auf der Elektronik Seite. EMVU, LoRAWan, Wellenausbreitungen, Flares etc..<\/p>\n<p>Ich bin auch im DARC Verein gemeldet und in der Region C14. Eine Zulassung zum Funkbetrieb habe ich beantragt und warte nun gespannt auf mein Rufzeichen. Also Station m\u00f6chte ich mir ein ICOM IC-7300 zulegen. Als Antenne wird es wohl, da ich zur Miete wohne und nur einen Balkon habe, eine portable Antenne.<\/p>\n<p>73 J\u00fcrgen<\/p>\n<hr \/>\n<p>Hier noch ein Bild von der Bundesnetzagentur in M\u00fcnchen ( Obermenzing ). Dort kann man die Funkamateurpr\u00fcfung ablegen.<\/p>\n<p><img loading=\"lazy\" decoding=\"async\" class=\"size-full wp-image-143 aligncenter\" src=\"https:\/\/langfelds.de\/wp-content\/uploads\/2024\/07\/Bundesnetzagentur_Muenchen_2.jpg\" alt=\"\" width=\"749\" height=\"562\" srcset=\"https:\/\/langfelds.de\/wp-content\/uploads\/2024\/07\/Bundesnetzagentur_Muenchen_2.jpg 749w, https:\/\/langfelds.de\/wp-content\/uploads\/2024\/07\/Bundesnetzagentur_Muenchen_2-300x225.jpg 300w\" sizes=\"(max-width: 749px) 100vw, 749px\" \/><\/p>\n<hr \/>\n<h1 style=\"text-align: center;\"><span style=\"color: #0000ff;\"><strong>Dipol Antenne selbstgebaut\u00a0<\/strong><\/span><\/h1>\n<p>Eine \u03bb\/2 Dipol-Antenne f\u00fcr eine bestimmte Frequenz zu bauen, sollte kein Problem sein. Hierzu muss man nur die Wellenl\u00e4nge durch zwei teilen und dann, weil man ja zwei H\u00e4lften brauch, nochmals durch zwei teilen. Am besten nimmt man einen Schwei\u00dfdraht aus dem Baumarkt her. Ich selbst habe, zur Veranschaulichung, einen Kupferdraht verwendet. Mit sogenannten BNC Video Baluns kann man ganz leicht die zwei Dr\u00e4hte anschrauben. Mit dem BNC Connector kann man dann die Antenne mit dem Koaxialkabel verbinden ( oder auch Zwischenstecker ).<\/p>\n<p>Vielleicht noch ein Hinweis. Die Dr\u00e4hte f\u00fcr die Antenne vielleicht am Anfang l\u00e4nger lassen, falls man sie noch k\u00fcrzen muss. K\u00fcrzen geht immer leichter als Ankleben \ud83d\ude42<\/p>\n<p>Wie bekomme ich nun raus, ob die Antennendr\u00e4hte f\u00fcr meinen Frequenzbereich \u00fcberhaupt passend sind ? Naja, ich habe mir ein kleines NanoVNA-F V2 gekauft. Eigentlich bin ich gr\u00f6\u00dfere VNAs von Rohde&amp;Schwarz gewohnt die bis 50 GHz gehen ( damals Arbeitsbedingt &#8211; WORK Microwave GmbH www.work-microwave.com), aber das kleine NanoVNA von 1 kHz bis 3 GHz tut es f\u00fcr mich.<\/p>\n<p>Die Antenne sieht dann so aus ( mit BNC Balun )<\/p>\n<figure id=\"attachment_148\" aria-describedby=\"caption-attachment-148\" style=\"width: 768px\" class=\"wp-caption aligncenter\"><img loading=\"lazy\" decoding=\"async\" class=\"size-large wp-image-148\" src=\"https:\/\/langfelds.de\/wp-content\/uploads\/2024\/07\/Antenne_70cm_neu-1024x175.jpg\" alt=\"\" width=\"768\" height=\"131\" srcset=\"https:\/\/langfelds.de\/wp-content\/uploads\/2024\/07\/Antenne_70cm_neu-1024x175.jpg 1024w, https:\/\/langfelds.de\/wp-content\/uploads\/2024\/07\/Antenne_70cm_neu-300x51.jpg 300w, https:\/\/langfelds.de\/wp-content\/uploads\/2024\/07\/Antenne_70cm_neu-768x131.jpg 768w, https:\/\/langfelds.de\/wp-content\/uploads\/2024\/07\/Antenne_70cm_neu.jpg 1206w\" sizes=\"(max-width: 768px) 100vw, 768px\" \/><figcaption id=\"caption-attachment-148\" class=\"wp-caption-text\">Antenne_70cm_neu<\/figcaption><\/figure>\n<p>Nun, um die Dipol Antenne auf die richtige Frequenz abgleichen zu k\u00f6nnen, brauh man den VNA. Das ganze sieht dann so aus. ACHTUNG ! Vorher das Ger\u00e4t auf die n\u00f6tige Frequenz zuerst kalibrieren.<\/p>\n<p>Durch k\u00fcrzen oder verl\u00e4ngern der Dr\u00e4hte kann man die die Antenne anpassen.<\/p>\n<figure id=\"attachment_151\" aria-describedby=\"caption-attachment-151\" style=\"width: 768px\" class=\"wp-caption aligncenter\"><img loading=\"lazy\" decoding=\"async\" class=\"size-large wp-image-151\" src=\"https:\/\/langfelds.de\/wp-content\/uploads\/2024\/07\/VNA-1024x454.jpg\" alt=\"\" width=\"768\" height=\"341\" srcset=\"https:\/\/langfelds.de\/wp-content\/uploads\/2024\/07\/VNA-1024x454.jpg 1024w, https:\/\/langfelds.de\/wp-content\/uploads\/2024\/07\/VNA-300x133.jpg 300w, https:\/\/langfelds.de\/wp-content\/uploads\/2024\/07\/VNA-768x341.jpg 768w, https:\/\/langfelds.de\/wp-content\/uploads\/2024\/07\/VNA.jpg 1458w\" sizes=\"(max-width: 768px) 100vw, 768px\" \/><figcaption id=\"caption-attachment-151\" class=\"wp-caption-text\">VNA<\/figcaption><\/figure>\n<hr \/>\n<p>Habe nun mein Rufzeichen bekommen :<\/p>\n<h1 style=\"text-align: center;\"><span style=\"color: #0000ff;\"><strong>DO9HRL<\/strong><\/span><\/h1>\n<p>73 J\u00fcrgen<\/p>\n<hr \/>\n<h1 style=\"text-align: center;\">Morsen<\/h1>\n<p>Ich m\u00f6chte auch gerne noch das Morsen lernen. Hierf\u00fcr habe ich eine gute Bauanleitung im CQ DL gefunden. Die Platine ist in Bearbeitung und die Bauteile sind fast alle bei Reichelt bestellt ( bzw. noch im Warenkorb gespeichert ). Hier noch ein Link zu dem Projekt in GitHub : <a href=\"https:\/\/github.com\/on7dq\/OST-Morse-Box\">https:\/\/github.com\/on7dq\/OST-Morse-Box<\/a><\/p>\n<p>&nbsp;<\/p>\n","protected":false},"excerpt":{"rendered":"<p>Hallo zusammen, ich habe im Juli 2024 die Funkamateur Pr\u00fcfung Klasse E abgelegt. Mein Fokus liegt aber nicht nur auf das Kommunizieren, sondern auch auf der Elektronik Seite. EMVU, LoRAWan, Wellenausbreitungen, Flares etc.. Ich bin auch im DARC Verein gemeldet und in der Region C14. Eine Zulassung zum Funkbetrieb habe ich beantragt und warte nun [&hellip;]<\/p>\n","protected":false},"author":1,"featured_media":0,"parent":0,"menu_order":0,"comment_status":"closed","ping_status":"closed","template":"","meta":{"footnotes":""},"class_list":["post-140","page","type-page","status-publish","hentry"],"_links":{"self":[{"href":"https:\/\/langfelds.de\/index.php?rest_route=\/wp\/v2\/pages\/140"}],"collection":[{"href":"https:\/\/langfelds.de\/index.php?rest_route=\/wp\/v2\/pages"}],"about":[{"href":"https:\/\/langfelds.de\/index.php?rest_route=\/wp\/v2\/types\/page"}],"author":[{"embeddable":true,"href":"https:\/\/langfelds.de\/index.php?rest_route=\/wp\/v2\/users\/1"}],"replies":[{"embeddable":true,"href":"https:\/\/langfelds.de\/index.php?rest_route=%2Fwp%2Fv2%2Fcomments&post=140"}],"version-history":[{"count":14,"href":"https:\/\/langfelds.de\/index.php?rest_route=\/wp\/v2\/pages\/140\/revisions"}],"predecessor-version":[{"id":157,"href":"https:\/\/langfelds.de\/index.php?rest_route=\/wp\/v2\/pages\/140\/revisions\/157"}],"wp:attachment":[{"href":"https:\/\/langfelds.de\/index.php?rest_route=%2Fwp%2Fv2%2Fmedia&parent=140"}],"curies":[{"name":"wp","href":"https:\/\/api.w.org\/{rel}","templated":true}]}}

<p>Hallo zusammen,</p>
<p>ich habe im Juli 2024 die Funkamateur Prüfung Klasse E abgelegt. Mein Fokus liegt aber nicht nur auf das Kommunizieren, sondern auch auf der Elektronik Seite. EMVU, LoRAWan, Wellenausbreitungen, Flares etc..</p>
<p>Ich bin auch im DARC Verein gemeldet und in der Region C14. Eine Zulassung zum Funkbetrieb habe ich beantragt und warte nun gespannt auf mein Rufzeichen. Also Station möchte ich mir ein ICOM IC-7300 zulegen. Als Antenne wird es wohl, da ich zur Miete wohne und nur einen Balkon habe, eine portable Antenne.</p>
<p>73 Jürgen</p>
<hr />
<p>Hier noch ein Bild von der Bundesnetzagentur in München ( Obermenzing ). Dort kann man die Funkamateurprüfung ablegen.</p>
<p><img loading="lazy" decoding="async" class="size-full wp-image-143 aligncenter" src="https://langfelds.de/wp-content/uploads/2024/07/Bundesnetzagentur_Muenchen_2.jpg" alt="" width="749" height="562" srcset="https://langfelds.de/wp-content/uploads/2024/07/Bundesnetzagentur_Muenchen_2.jpg 749w, https://langfelds.de/wp-content/uploads/2024/07/Bundesnetzagentur_Muenchen_2-300x225.jpg 300w" sizes="(max-width: 749px) 100vw, 749px" /></p>
<hr />
<h1 style="text-align: center;"><span style="color: #0000ff;"><strong>Dipol Antenne selbstgebaut </strong></span></h1>
<p>Eine λ/2 Dipol-Antenne für eine bestimmte Frequenz zu bauen, sollte kein Problem sein. Hierzu muss man nur die Wellenlänge durch zwei teilen und dann, weil man ja zwei Hälften brauch, nochmals durch zwei teilen. Am besten nimmt man einen Schweißdraht aus dem Baumarkt her. Ich selbst habe, zur Veranschaulichung, einen Kupferdraht verwendet. Mit sogenannten BNC Video Baluns kann man ganz leicht die zwei Drähte anschrauben. Mit dem BNC Connector kann man dann die Antenne mit dem Koaxialkabel verbinden ( oder auch Zwischenstecker ).</p>
<p>Vielleicht noch ein Hinweis. Die Drähte für die Antenne vielleicht am Anfang länger lassen, falls man sie noch kürzen muss. Kürzen geht immer leichter als Ankleben 🙂</p>
<p>Wie bekomme ich nun raus, ob die Antennendrähte für meinen Frequenzbereich überhaupt passend sind ? Naja, ich habe mir ein kleines NanoVNA-F V2 gekauft. Eigentlich bin ich größere VNAs von Rohde&amp;Schwarz gewohnt die bis 50 GHz gehen ( damals Arbeitsbedingt &#8211; WORK Microwave GmbH www.work-microwave.com), aber das kleine NanoVNA von 1 kHz bis 3 GHz tut es für mich.</p>
<p>Die Antenne sieht dann so aus ( mit BNC Balun )</p>
<figure id="attachment_148" aria-describedby="caption-attachment-148" style="width: 768px" class="wp-caption aligncenter"><img loading="lazy" decoding="async" class="size-large wp-image-148" src="https://langfelds.de/wp-content/uploads/2024/07/Antenne_70cm_neu-1024x175.jpg" alt="" width="768" height="131" srcset="https://langfelds.de/wp-content/uploads/2024/07/Antenne_70cm_neu-1024x175.jpg 1024w, https://langfelds.de/wp-content/uploads/2024/07/Antenne_70cm_neu-300x51.jpg 300w, https://langfelds.de/wp-content/uploads/2024/07/Antenne_70cm_neu-768x131.jpg 768w, https://langfelds.de/wp-content/uploads/2024/07/Antenne_70cm_neu.jpg 1206w" sizes="(max-width: 768px) 100vw, 768px" /><figcaption id="caption-attachment-148" class="wp-caption-text">Antenne_70cm_neu</figcaption></figure>
<p>Nun, um die Dipol Antenne auf die richtige Frequenz abgleichen zu können, brauh man den VNA. Das ganze sieht dann so aus. ACHTUNG ! Vorher das Gerät auf die nötige Frequenz zuerst kalibrieren.</p>
<p>Durch kürzen oder verlängern der Drähte kann man die die Antenne anpassen.</p>
<figure id="attachment_151" aria-describedby="caption-attachment-151" style="width: 768px" class="wp-caption aligncenter"><img loading="lazy" decoding="async" class="size-large wp-image-151" src="https://langfelds.de/wp-content/uploads/2024/07/VNA-1024x454.jpg" alt="" width="768" height="341" srcset="https://langfelds.de/wp-content/uploads/2024/07/VNA-1024x454.jpg 1024w, https://langfelds.de/wp-content/uploads/2024/07/VNA-300x133.jpg 300w, https://langfelds.de/wp-content/uploads/2024/07/VNA-768x341.jpg 768w, https://langfelds.de/wp-content/uploads/2024/07/VNA.jpg 1458w" sizes="(max-width: 768px) 100vw, 768px" /><figcaption id="caption-attachment-151" class="wp-caption-text">VNA</figcaption></figure>
<hr />
<p>Habe nun mein Rufzeichen bekommen :</p>
<h1 style="text-align: center;"><span style="color: #0000ff;"><strong>DO9HRL</strong></span></h1>
<p>73 Jürgen</p>
<hr />
<h1 style="text-align: center;">Morsen</h1>
<p>Ich möchte auch gerne noch das Morsen lernen. Hierfür habe ich eine gute Bauanleitung im CQ DL gefunden. Die Platine ist in Bearbeitung und die Bauteile sind fast alle bei Reichelt bestellt ( bzw. noch im Warenkorb gespeichert ). Hier noch ein Link zu dem Projekt in GitHub : <a href="https://github.com/on7dq/OST-Morse-Box">https://github.com/on7dq/OST-Morse-Box</a></p>
<p>&nbsp;</p>

<p>Hallo zusammen, ich habe im Juli 2024 die Funkamateur Prüfung Klasse E abgelegt. Mein Fokus liegt aber nicht nur auf das Kommunizieren, sondern auch auf der Elektronik Seite. EMVU, LoRAWan, Wellenausbreitungen, Flares etc.. Ich bin auch im DARC Verein gemeldet und in der Region C14. Eine Zulassung zum Funkbetrieb habe ich beantragt und warte nun [&hellip;]</p>
